-1 - 5).
-12
Evaluate -5 + -2 - -8 - 5 - (-1 + -1).
-2
What is (0 - -1) + (9 + 4 + -14 - 2)?
-2
Calculate -2 - (15 + -1 + (2 - 4) + -2).
-12
0 - 4 - (-13 + 17)
-8
Evaluate -5 + -1 + 0 + 639 + -635.
-2
-8 + 2 + (-11 - (-33 + -5))
21
Calculate (-25 - -20) + (2 - -8) + -5 - -28.
28
Calculate -13 - (-7 - (4 + 2) - -7).
-7
Evaluate 23 + -16 + -18 + 12.
1
Calculate -14 - (-12 - (5 - 11)).
-8
24 + 0 - (-6 - -1 - (-47 + 38))
20
Calculate (-3 + 3 - -1) + 1 - (32 - 30).
0
What is 20 - (29 + (6 - -6))?
-21
Evaluate (-12 - 11 - -10) + 12 + 22.
21
(-17 - -42) + -20 - -3
8
What is the value of 4 - (9 - (7 + 4 - 5))?
1
Calculate 207 + -209 - (-2 - 2 - (1 - 3)).
0
(-7 - (-3 + 2) - -16) + -25
-15
Calculate -11 + (90 + -46 - (0 - 3)) + -3.
33
What is 23 + (-7 + -1 + 1 - 6)?
10
Calculate 61 - (-74 - -153) - (11 - 1).
-28
What is (-4 - -29) + (-1 - (2 + -2 + 4))?
20
Evaluate (-2 - -21) + (-6 - (-34 - -17)).
30
What is the value of -2 + 4 + -1 - (4 - (-19 - -12))?
-10
-20 + (-58 + 51 + -2 + 2 - -12)
-15
Calculate (40 - -48) + -72 - (1 + 39).
-24
Calculate 23 + 1 - -4 - 20.
8
-36 + 24 + (5 - -1) - 2
-8
(12 - 7) + 6 - ((-4 - -8) + -1)
8
What is the value of (0 - -3) + (109 - 120 - (-1 - 4))?
-3
Calculate -1 + 0 + (2 - 25) + -26 + 22.
-28
What is (0 - 13) + (75 - 83)?
-21
-129 - -136 - (-3 - -6 - 3)
7
-2 - (-2 + (10 + -3 - 25 - 6))
24
Evaluate 1 + (7 - 11) - (-4 - -1) - -12.
12
What is the value of 4 + -8 + -1 - (22 - (9 - -5))?
-13
Calculate 0 + -3 + -24 + 35.
8
Calculate -12 - (10 - (16 + 22)).
16
What is (-1 + -13 - -1) + -15 + 16?
-12
What is the value of -2 + (16 - (-5 - -12))?
7
Evaluate -335 - -318 - ((-1 - 0) + -12).
-4
2 - (-5 - (-8 - (6 - (21 - 8))))
6
What is the value of 0 + (0 + 1 + 2 - 6) + -2?
-5
What is 18 - ((8 - 12) + 5 + 2)?
15
What is -9 - (9 + -1 + -133 + 124)?
-8
(8 - 35) + 34 - -1
8
Evaluate 5 + (3 + (8 - -1) - 7) + 0.
10
What is the value of 137 + -126 + -35 + (-3 - 1)?
-28
13 - (2 - -12) - -17
16
(21 - 0 - -9) + -5
25
-13 + 25 + -14 - -25
23
Calculate 16 + 1 + -4 + (-65 - -48).
-4
Evaluate (-9 - 3 - -10) + -7.
-9
Evaluate (1 - (-1 + 16)) + 1208 + -1183.
11
What is (13 - (-21 + 8 + 51)) + 7?
-18
Calculate -10 + 13 - (-18 + 17) - 13.
-9
Evaluate -20 - 13 - -12 - -13 - -14.
6
What is the value of (0 - -3) + (-7 - (-25 + 31))?
-10
What is -2 + -6 - (6 - (-3 - (5 + -8)))?
-14
Evaluate -111 + 46 + 59 + (-11 - 1).
-18
What is the value of ((6 - 11) + 3 - 0) + -13 + 2?
-13
(-7 + 0 - -3) + 15 + (20 - 44)
-13
Calculate (15 - (3 + 7)) + -1 - 8.
-4
-6 - ((4 - 0) + (-1 - (-17 + 24)))
-2
What is -43 + 39 - (7 - -20)?
-31
Evaluate (113 - 126) + -5 + -3.
-21
What is -1 + -8 + (-7 + 6 + 11 - 5)?
-4
Calculate -14 + 71 - 35 - 36.
-14
(-2 - -5) + -2 + 0 + -263 + 270
8
Calculate -10 + 6 + 2 + 6 + -6.
-2
5 + (-1 + 9 - (-21 - -21))
13
Evaluate -5 + 0 - -12 - -1 - -11.
19
What is 29 - (-29 + 81 + -11)?
-12
Evaluate (1 - 8) + 80 + -80 + 0 + 15.
8
Calculate -16 + 13 - (17 - 4).
-16
Calculate -2 + -11 + 2 - (-24 - -6).
7
What is -5 + -1 + -12 - -14?
-4
What is the value of -10 + 20 + 18 + -3?
25
What is -20 + (-6 + (11 + 6 - 3) - 6)?
-18
Evaluate 8 + (-4 - ((11 - 12) + -2) - -10).
17
Evaluate (4 - (3 - 9)) + (-2 - 9).
-1
-48 + 25 + 56 + -63
-30
What is the value of -9 + (-11 - (-16 - 4)) - -25?
25
Calculate -5 + (3 - 0) - (-41 + 27).
12
What is the value of -62 + 59 + (3 + (3 - 1) - -5)?
7
-12 - (13 + (13 - 22)) - -17
1
20 + (1 - (-6 - -23))
4
Evaluate 349 - 370 - (1 - 3) - -13.
-6
What is the value of (0 - -1) + 5 + -503 + 489?
-8
What is the value of 7 - (0 - 18 - -19)?
6
0 + 0 + -1 + -98 + 187 + -79
9
What is the value of -1 - 1 - (276 - 284)?
6
What is the value of -4 - (-14 + 19) - (-28 + 0 + 3)?
16
Evaluate (27 + -29 - 23) + 5.
-20
Evaluate 15 + -5 + -7 + 7.
10
Evaluate -4 + 1 + (-4 - -14) - 29.
-22
What is 19 - (-20 + 34) - 41?
-36
What is 4 + 1 + -9 - -7 - 6?
-3
What is -15 - -33 - ((-7 - -8) + -3)?
20
-5 + (-12 - 7) + 7 - -3
-14
(8 - (20 + 3)) + (4 - -7)
-4
-12 - (5 + 3 + (-25 - -9))
-4
0 + (-1 - -3) - (3 - (6 + -10))
-5
What is -24 + 15 + -11 - (0 - (-4 + 8))?
-16
7 + (-3 + 1 - 1 - (7 - 14))
11
What is the value of 2 + -4 + (-2 - 4) + 13?
5
Calculate -67 + 77 - (7 - (-7 + -10)).
-14
What is (-4 - 0 - (-1 - 10)) + (6 - 2)?
11
What is the value of 5 - -4 - 31 - (-4 + -2 + -2)?
-14
What is the value of -5 + (-9 + (5 - 0) - -13)?
4
Evaluate -3 + (-21 - -13) + -3 - -11.
-3
Calculate -33 + (17 - 0 - -1).
-15
-32 - (14 - (-27 + 54))
-19
What is -4 + (-13 - -4) - -10?
-3
35 + -6 + (-2 - 46)
-19
Calculate 7 + -31 + 8 + 20.
4
Calculate -7 + (-58 - -70) + (2 + -22 - -2).
-13
Calculate 22 - -3 - 1 - (14 + -1).
11
Evaluate 7 - 21 - (22 + -25).
-11
Evaluate -3 + -19 + 28 - (-1 - -10).
-3
(-7 - -1) + -1 - (0 - -1) - -6
-2
0 + 2 + -1 + 2 + 7 + 5
15
Evaluate 31 + 21 + -38 + 2.
16
What is the value of 22 + 2 - ((-7 + 23 - 33) + 24)?
17
3 + (-6 - (17 - 11))
-9
What is the value of (-48 - -23 - -27) + 18?
20
What is the value of 0 - 2 - -23 - (-38 - (5 + -51))?
13
Calculate -1 + 1 - ((-7 - -52) + -71).
26
What is the value of -1 - (2 + 3 + 0) - (-7 + -1)?
2
(-1 - (-11 + 18)) + 2
-6
Evaluate -273 - -261 - (3 - (2 - 4)).
-17
4 - (9 - (6 - -19))
20
What is 0 + -3 - 0 - (-70 + 91)?
-24
Calculate -17 + (2 - -6 - (14 + -16)).
-7
What is 40 - (51 + -9 + -30)?
28
3 + (7 - (2 - 3) - 5) + -4
2
Evaluate 0 - (-43 + 26 + 30).
-13
What is the value of 39 + (-41 - 15) - -25?
8
What is (-19 - (12 + -8 + 6)) + 0 + -8?
-37
(-3 - 1) + 7 + 1 + -5 + 12
11
What is 5 + (-3 + 3 - (19 - (-5 - -8)))?
-11
(-10 + -7 - (-2 - 11)) + (-12 - -2)
-14
Evaluate -19 - -28 - (0 - 10) - 8.
11
Calculate 2 - 8 - -12 - (13 + 2 + -8).
-1
What is the value of -6 + 14 + -33 + 14?
-11
Calculate -8 + -22 - (0 + -5 - 6).
-19
What is the value of -19 - (4 - (9 + (21 - -5)))?
12
What is 90 - 72 - (0 + 4 + 0 + 2)?
12
What is the value of 0 + 5 - ((-18 - -7) + 4 + 14)?
-2
What is the value of (0 - 5) + (-1 - -4) - (3 - 7)?
2
Evaluate -7 + (4 - (-1 + 6 - (-7 - -11))).
-4
What is the value of 3 - (3 - (0 - -15) - (-4 - -3))?
14
What is the value of (34 - 37 - 13) + -8?
-24
63 - (27 + -13 + 2) - 15
32
-3 + -4 - (-1 + 2 - (4 + -5))
-9
What is the value of -6 + (5 - -3 - 11) - 1?
-10
Evaluate (11 - (13 - (-13 + 12))) + 0 + 0.
-3
-32 + (10 - 4 - -3) + 7
-16
Calculate 1 + (34 - (-10 - -33)).
12
Calculate 19 + -2 - (5 - (-3 + -6 - -10)).
13
Evaluate 9 + 19 + (17 - 51).
-6
11 + (2 - -11) + (5 - 6) + 4
27
What is (0 - -1) + 6 + -15 + 1?
-7
What is the value of -30 + -15 + 33 + (9 - 10)?
-13
What is the value of 10 + -1 + -273 + 254 - 2?
-12
Evaluate 12 - ((6 - -8) + 6).
-8
(7 + 3 - (20 - 10)) + (-2 - -10)
8
-4 + 1 + (2 - 23 - (29 + -27))
-26
6 + -14 + 22 + -15
-1
Evaluate -3 + -3 + -4 + 7 - 4.
-7
What is -63 + 41 - (23 - 9)?
-36
What is the value of 3 + 7 - -1 - (3 - 12 - -15)?
5
What is the value of 4 + 0 + -4 + 9 + -6 - 31?
-28
-2 + -17 - ((-1 - 15) + 22 + -14)
-11
35 + 3 + -33 - 7
-2
What is 18 + 34 + -27 - (1 + (5 - -2))?
17
Calculate -10 + 3 - (4 + -5 + 2 + -4).
-4
What is the value of -16 + (15 - 29 - -40)?
10
Calculate (5 - (7 + -8)) + (2 - 3 - 0).
5
Calculate 7 + (20 + (-20 - -8) - -13).
28
Evaluate 7 + -5 + -4 - (0 + 9).
-11
What is the value of -51 + (-24 - -32) + (2 - -9)?
-32
What is 13 + -15 + -2 + 4?
0
What is the value of -12 - (-1 - 0) - (-14 + 72 + -48)?
-21
Calculate 5 + 5 + -18 + (4 - -5) + -4.
-3
(-2 - -3) + (4 - 7) + (-120 - -125)
3
9 - (-16 + 19 + -10 + 11)
5
Calculate (4 - 2) + 3 + -32 + -40 + 81.
14
Calculate 10 - 0 - (30 + -19).
-1
Evaluate -17 - (-65 - -63 - (4 - (0 - -3))).
-14
What is the value of (1 - 17) + 7 - -39?
30
20 - (12 - (17 + -18))
7
Evaluate -7 + -6 + -19 + 16 + 16.
0
Evaluate 21 - 41 - -36 - (44 + 1).
-29
2 + 5 - 17 - 1
-11
Evaluate 23 - (-6 - (-23 - -3)).
9
What is the value of (-22 - -47 - (8 + -1)) + -27?
-9
47 + (-61 - -38) + -36
-12
Evaluate -29 - (-10 + -31) - (-2 + -1).
15
-3 - (0 + (-3 - -8) + 1) - -31
22
What is the value of (-3 - (-13 + 3 + -1) - 2) + -3?
3
Evaluate 14 + (-5 - -1) + 0.
10
What is 28 + -24 + 28 + (-6 - 8)?
18
-4 + 6 + -2 + 9 - -7
16
(14 - (1 - (-11 - -11))) + -36
-23
What is the value of 196 + -187 + -2 + 1?
8
Calculate 6 - (271 - 247 - (2 - 0)).
-16
Evaluate -4 + 0 + (-1 - (-9 + 4 + 1)).
-1
What is -6 - 1 - ((15 - 8) + 1 + 5)?
-20
Calculate 1 + (-2 - (-4 - -7) - 1).
